+ 85. Let u = -8450 + 8450. Give y(u).
85
Let p(g) = -g**2 - g + 1. Let z be 2 - 1 - (1 + 1). Let w(t) = -7*t**2 - 4*t + 9. Let s(k) = z*w(k) + 6*p(k). Let y be (-6)/9*(6 - (-21)/(-2)). Calculate s(y).
0
Let q(o) be the third derivative of -5*o**4/8 - o**3/3 - 2*o**2 - 89. Determine q(-1).
13
Suppose 0 = 4*x + 4*n - 16, -8 = n - 5*n. Let y = -17810 + 29726. Let b(u) = 4*u**2 + 3 - 11917*u**3 - 4*u + y*u**3 + 0. What is b(x)?
3
Let i(d) = 26*d**2 - d - 1. Let y(v) = -v**3 - 8*v**2 - 8*v + 27. Let c be y(-6). Let g be ((-4)/8)/(1*c/6). Determine i(g).
26
Let m(n) = 86 - 87 + 2*n - 8*n. Let h(x) = 5*x**2 + x**2 - 3*x**2 + 7 - 2*x**2 + 6*x. Let a be h(-3). Give m(a).
11
Suppose -7*q + 2*q + 20 = 0, 0 = 2*r - 5*q - 2. Suppose -9*x + 56 = r. Let n(d) be the third derivative of -d**5/60 + d**4/12 - 2*d**3/3 + d**2. Give n(x).
-19
Let n(i) be the second derivative of -i**6/720 + i**5/120 + 3*i**4/4 + 5*i**2/2 - 23*i. Let b(r) be the third derivative of n(r). Give b(-7).
8
Let i(t) = 27*t + 18. Let p be i(5). Suppose p*c - 157*c = -32. Let h(u) be the second derivative of -u**4/12 + u**3 + 9*u**2/2 - u. Give h(c).
-7
Suppose -1895*x + 1898*x = -12. Let u(g) = -3*g**3 + 3*g**2 + 3*g + 9. Let s(f) = -2*f**3 + f**2 + 2*f + 5. Let v(i) = 5*s(i) - 3*u(i). Determine v(x).
-6
Let f(i) = -i**3 + 12*i**2 - 24*i - 48. Let j be f(6). Let t(x) = -x + 27. Determine t(j).
3
Let j(t) = t**2 + 10*t + 9. Let k be j(-7). Let a(n) = 75*n**2 + 4*n + 10. Let m(w) = 103*w**2 + 4*w + 13. Let q(y) = -11*a(y) + 8*m(y). What is q(k)?
-6
Let l(o) = 4*o - 1. Let p(c) be the first derivative of c**3/3 - 6*c**2 + 19*c - 9. Let q be ((-2)/(-6))/(13/390). Let y be p(q). Determine l(y).
-5
Let c(g) be the second derivative of 10*g - 1/6*g**3 + 3*g**2 + 1/12*g**4 + 0. Let k(t) be the first derivative of c(t). What is k(-2)?
-5
Let x(f) = 2 - 261*f**2 + 252*f**2 - 29 - 30*f. Let t(r) = 13*r**2 + 45*r + 40. Let o(w) = 5*t(w) + 7*x(w). What is o(-7)?
4
Let t(f) be the second derivative of f**4/12 + 3*f**3/2 - 7*f**2/2 - 6648*f. Give t(-6).
-25
Let y(c) = 3 + 46577*c**2 + 19*c + 3 - 46579*c**2. Calculate y(10).
-4
Let m(w) be the second derivative of 2*w**3/3 - w**2/2 - 56*w - 3. Suppose -3*q + 12 = -6. Determine m(q).
23
Let m = 2424 + -2420. Let n(l) = -3*l + 24. Calculate n(m).
12
Let v(t) = 25*t - 2230. Let k be v(89). Let b(p) = -p**3 - 5*p**2 + 16. Determine b(k).
16
Let n(s) = -s**3 + 5*s**2 + 7*s - 4. Let q be n(6). Let g = 320 - 220. Let v(m) = g*m - 2 - 47*m - 56*m + 1. Calculate v(q).
-7
Let a(i) = 7*i**2 + 16*i + 4. Let u(x) = -6*x**2 - 13*x - 6. Let k(c) = -1. Let v(r) = -2*k(r) + u(r). Let h(y) = -5*a(y) - 6*v(y). Determine h(0).
4
Suppose 3*z - 25 = 8. Let s(g) = z*g - 13 - g**3 - 13*g**2 + 5*g**2 - 4*g. Let a = -36 - -27. What is s(a)?
5
Let i = 1223 - 1232. Let t(r) = 23*r**2 - 4*r - 5*r + 11 - 24*r**2. What is t(i)?
11
Let o(s) = 60*s - 125. Let v be 7380/4510 - (-1 + (-7)/(-11)). Calculate o(v).
-5
Let d(b) = -74*b - 13. Let y(a) = -136*a - 23. Let v(l) = -9*d(l) + 5*y(l). Give v(1).
-12
Let u(l) = l**3 + l**2 - 3*l - 5. Let c be u(-2). Let y(g) be the third derivative of g**6/120 + g**5/15 + g**4/6 + g**3/2 + 2*g**2 - 592. Calculate y(c).
0
Let s(m) = -m**2 - 7*m + 4. Let l(q) = q**2 + q - 10. Suppose 30 = 5*i + 5. Let u be l(i). Suppose 4*a - 4*o = -u, 0 = -3*a + 4*o - 8 - 5. Give s(a).
4
Let c be (0 - 9) + (-19)/(-19). Let w(z) = 13 + 2*z - 3 - 8. Let h(s) = -3*s - 3. Let b(g) = c*w(g) - 5*h(g). Give b(7).
-8
Let m = 266 - 269. Suppose -2 - 10 = -2*r - 3*t, -4*r + 16 = 2*t. Let z(w) = -w + 1 - 2 + 6 - r. Calculate z(m).
5
Let i(f) = -f - 8. Suppose 85*d + 1330 = -48*d. Calculate i(d).
2
Let k(i) = -i**3 - 6*i**2 + 16*i + 66. Let g be k(-7). Let a(b) = 11 + b - 1 + 5*b - g*b. Calculate a(-7).
-11
Suppose 6 = c - 1. Let l(b) = -2*b - 9 + b + b + b. Determine l(c).
-2
Let h = 11 - 10. Let s(g) = -g**2. Let t(y) = -2*y**2 + 3*y + 4. Let d be (2 - 6)*9/(-12)*-1. Let i(k) = d*s(k) + h*t(k). Give i(-3).
4
Let r(y) = y**3 - 6*y**2 + 3*y - 3. Let o(x) be the second derivative of -1/6*x**3 - 3*x + 0 + 13/2*x**2. Let b be o(8). Give r(b).
-13
Suppose 3*l = -2*l - 5. Suppose 3*d = -3*u + 138, 4*d + 46 = u - d. Let i(n) = 1 - 2*n**2 + 41*n**3 + 0 - u*n**3. Calculate i(l).
4
Suppose -4*g + 14 = -2*v, -g - 8 + 7 = -2*v. Let f(u) = -9*u**2 - g - 5 + u**2 + u**3 - 2*u**3. Give f(-8).
-10
Let m(n) = 12*n**3 - 2*n - 1. Let g(x) = -2*x + 25. Let v be g(10). Suppose 0 = v*d - 59 - 26. Let i = -18 + d. Calculate m(i).
-11
Let w(v) = -13*v - 10. Suppose 939*l - 934*l = 5. Determine w(l).
-23
Let a = -20 - -194. Let x be (-20)/(-6)*a/145. Let k = x - -1. Let h(q) = -3*q + 1. Calculate h(k).
-14
Let g(k) = 1 - 4 + 2533*k - 2539*k + 3. Let b be ((-1)/2)/((-1)/6). What is g(b)?
-18
Let l(h) = -2*h**2 - h. Let v(g) = 12*g**3 + 11*g**2 + 6*g - 1. Let i(s) = -5*l(s) - v(s). What is i(1)?
-13
Suppose 24*y - 26*y + 2*l = 14, 3*y + 17 = -l. Let j = 27 + -25. Let g(m) = -8*m - 3 + 0 + 2 - m**3 - 9*m**2 + 2*m**j. What is g(y)?
11
Let q(j) = j**2 - 38*j - 73. Let g be q(40). Let v(l) = -l**2 + l. Let p(d) = 5*d**2 - 4. Let a(c) = -p(c) - 6*v(c). What is a(g)?
11
Suppose 0 = -4*h - h + 2*l + 59, 0 = -h - l + 16. Let m(c) = -12*c**2 - 2 + 4 - 6*c + h*c**2 - 3. Determine m(7).
6
Let o(h) = h - 1. Let m(c) = 5*c - 9. Let k(z) = -m(z) + 6*o(z). Suppose 0 = 3*l - 2*a - 38, 0*l - l + 2*a = -14. Let n be -12 + 15 + l/3. What is k(n)?
10
Let j = -29511 - -29515. Let n(v) = -v**3 + 6*v**2 - 11*v + 4. What is n(j)?
-8
Let f(j) be the third derivative of j**7/840 - j**6/36 + j**5/12 - 7*j**4/24 + 19*j**3/2 + 29*j**2. Let a(g) be the first derivative of f(g). Determine a(9).
2
Suppose 7*u = u - 42. Let k(f) = f - 12. Let h(n) = -n + 24. Let d(y) = u*k(y) - 4*h(y). Let b(i) = -i - 5. Let x(w) = 12*b(w) - 5*d(w). What is x(2)?
6
Let d(a) be the second derivative of -a**7/2520 - a**6/144 + a**5/60 - a**4/4 + a**2 - 3*a - 26. Let c(u) be the third derivative of d(u). What is c(-4)?
6
Let v(j) = -2*j**3 + 2*j**2 + j - 1. Let l be (-12)/(-2) + 2*(0 - 2). Let t be v(l). Let u(s) = -7*s - 12*s**2 + 2*s**2 + 9*s**2. What is u(t)?
0
Let b(w) = w - 2. Suppose 4*h - 4*f - 264 = 0, -208 = -3*h + 14*f - 9*f. Suppose 5*d + h = 76. Determine b(d).
1
Let d be 3/(-1) + -21 + 18. Let q be ((-8)/d)/(4/3) - 4. Let o(j) = -2*j + 2. What is o(q)?
8
Let y be (77/21 - 4)*9. Let d(v) = 3 + 5*v - 3*v + v**2 + 0*v - 7. Give d(y).
-1
Let p(v) = 26 - 72*v + 52*v + 37*v + 776. Calculate p(-47).
3
Let k be 2/(-4) - (-210)/(-28). Let r(z) = 2*z**2 + 11*z - 5. Determine r(k).
35
Let p(u) = 8*u**2 - 586*u + 53. Let z(w) = -w**2 + 65*w - 6. Let c(q) = 2*p(q) + 19*z(q). Determine c(21).
-8
Let x be (7 + 0)*(-1 + (2 - 2)). Let l(j) = 7*j + 51. Let d be l(x). Let t(q) = -2*q**3 + q**2 + 4*q - 3. Calculate t(d).
-7
Let d(i) be the first derivative of i**4/2 + 2*i**3 + 2*i**2 + 16*i - 178. Calculate d(-4).
-32
Let p(v) = -6*v - 30 - 3*v**2 - 1 + 4*v - 31*v. Let t be p(-10). Let x(j) = 5*j - 3. Give x(t).
-8
Let d(n) = -n**3. Let k(r) = 4*r**3 - 3*r**2 - r. Let z(s) = s**2 - 10*s - 6. Let i be z(11). Suppose -3 + 28 = -i*c. Let g(y) = c*d(y) - k(y). Give g(-3).
-3
Let u = 135 + -97. Let g be -2 - (2 + u)/(-5). Let j(i) = i**3 - i**2 + 6*i + 8. Let x(h) = h**2. Let a(z) = j(z) - 6*x(z). What is a(g)?
8
Suppose 0 = 4*o - 5*o. Suppose o = 2*q - 3*q - f, -2*f = -q + 12. Let y(g) = 0 + 1 - q*g + 2 - 4. Determine y(2).
-9
Suppose -46 - 20 = -3*r. Let m be 92/r + 18/(-99). Suppose 3*f - 21 = 5*a, -f - m*f + a + 13 = 0. Let c(q) = 2*q**3 - 3*q + 2. Determine c(f).
12
Let j(f) = 14*f + 12*f + 2*f - 20*f - 6 + f**2. Let i = 53 + -25. Suppose -109 + i = 9*n. What is j(n)?
3
Let q = 14 - 6. Let x(r) = -q - 14 + 23 + r**2 - r. Let h be -1*(4 - 3)*-2. What is x(h)?
3
Let u(a) = -30*a - 195. Let b(p) = -11*p - 66. Let s(n) = 8*b(n) - 3*u(n). What is s(-20)?
17
Let q(m) = -5*m. Let p(h) = 17*h + 13. Let u(r) = p(r) + 3*q(r). Determine u(-16).
-19
Let h(k) = 14*k**3 + 45*k**2 - 8*k - 12. Let y(w) = 5*w**3 + 16*w**2 - 3*w - 4. Let v(z) = -4*h(z) + 11*y(z). What is v(-5)?
34
Suppose 3*h - 10*n = -13*n - 33, h - 1 = 5*n. Let x(d) = d**3 + 10*d**2 + 12*d + 9. What is x(h)?
-18
Let i(k) = -1445*k**3 - k**2 + 1444*k**3 + 2 + 0 - k. Let w(f) = -4 - 3*f**2 + 0*f**2 + 3*f + 3*f